{"id":6704,"date":"2025-08-01T13:50:15","date_gmt":"2025-08-01T11:50:15","guid":{"rendered":"https:\/\/ctdesign.be\/?page_id=6704"},"modified":"2025-08-01T13:55:30","modified_gmt":"2025-08-01T11:55:30","slug":"campagnes-cles-en-main","status":"publish","type":"page","link":"https:\/\/ctdesign.be\/index.php\/campagnes-cles-en-main\/","title":{"rendered":"Campagnes cl\u00e9s en main"},"content":{"rendered":"<div class=\"wpb-content-wrapper\"><p>[vc_row][vc_column][vc_column_text]<p>[\/vc_column_text][\/vc_column][\/vc_row][vc_row css=\u00a0\u00bb.vc_custom_1739111782966{margin-right: 60px !important;margin-left: 60px !important;padding-top: 30px !important;padding-bottom: 30px !important;}\u00a0\u00bb][vc_column width=\u00a0\u00bb1\/6&Prime;][\/vc_column][vc_column width=\u00a0\u00bb2\/3&Prime;]<div id=\"ultimate-heading-727069da1f944daf5\" class=\"uvc-heading ult-adjust-bottom-margin ultimate-heading-727069da1f944daf5 uvc-1921 \" data-hspacer=\"line_with_icon\" data-hline_width=\"120\" data-hicon_type=\"selector\" data-hborder_style=\"solid\" data-hborder_height=\"3\" data-hborder_color=\"#ED5225\" data-icon_width=\"18\" data-hfixer=\"10\"  data-halign=\"center\" style=\"text-align:center\"><div class=\"uvc-main-heading ult-responsive\"  data-ultimate-target='.uvc-heading.ultimate-heading-727069da1f944daf5 h1'  data-responsive-json-new='{\"font-size\":\"desktop:42px;mobile_landscape:34px;\",\"line-height\":\"desktop:52px;mobile_landscape:44px;\"}' ><h1 style=\"font-weight:bold;\">NOUS CR\u00c9ONS DES CAMPAGNES DE LANCEMENT DE PRODUIT<\/h1><\/div><div class=\"uvc-heading-spacer line_with_icon\" style=\"margin-bottom:20px;height:18px;\"><div class=\"ult-just-icon-wrapper  \"><div class=\"align-icon\" style=\"text-align:center;\">\n<div class=\"aio-icon none \"  style=\"color:#ED5225;font-size:18px;display:inline-block;\">\n\t<i class=\"icomoon-font-awesome-14x14-chevron-down\"><\/i>\n<\/div><\/div><\/div><\/div><\/div>[vc_column_text css=\u00a0\u00bb.vc_custom_1754049066325{padding-bottom: 35px !important;}\u00a0\u00bb]<\/p>\n<div class=\"flex-shrink-0 flex flex-col relative items-end\">\n<div class=\"pt-0\">\n<div class=\"gizmo-shadow-stroke flex h-8 w-8 items-center justify-center overflow-hidden rounded-full\">\n<div class=\"h-full w-full\">\n<h2 data-start=\"151\" data-end=\"194\">CAMPAGNES COMMERCIALES CL\u00c9S EN MAIN<\/h2>\n<h3 data-start=\"195\" data-end=\"264\">Des actions pr\u00eates \u00e0 lancer pour booster vos ventes toute l\u2019ann\u00e9e<\/h3>\n<p data-start=\"266\" data-end=\"507\">Vous manquez de temps ou d\u2019inspiration pour cr\u00e9er vos actions commerciales\u202f?<br data-start=\"342\" data-end=\"345\" \/>Je vous propose des <strong data-start=\"365\" data-end=\"391\">campagnes cl\u00e9s en main<\/strong>, pens\u00e9es pour r\u00e9pondre \u00e0 vos objectifs de chiffre d\u2019affaires tout en restant coh\u00e9rentes avec votre image de marque.<\/p>\n<p data-start=\"509\" data-end=\"802\">Chaque campagne inclut :<br data-start=\"533\" data-end=\"536\" \/>\u2714 Un concept fort adapt\u00e9 \u00e0 votre saisonnalit\u00e9<br data-start=\"581\" data-end=\"584\" \/>\u2714 Un planning complet avec les \u00e9tapes cl\u00e9s<br data-start=\"626\" data-end=\"629\" \/>\u2714 Des visuels et contenus personnalis\u00e9s (emails, posts, affiches\u2026)<br data-start=\"695\" data-end=\"698\" \/>\u2714 Des id\u00e9es d\u2019animation et de mise en sc\u00e8ne en boutique<br data-start=\"753\" data-end=\"756\" \/>\u2714 Un angle strat\u00e9gique pour vendre sans brader<\/p>\n<p data-start=\"804\" data-end=\"865\">Vous gagnez du temps, de la clart\u00e9 et surtout\u2026 des r\u00e9sultats.<\/p>\n<\/div>\n<\/div>\n<\/div>\n<\/div>\n<p>[\/vc_column_text][\/vc_column][vc_column width=\u00a0\u00bb1\/6&Prime;][\/vc_column][\/vc_row][vc_row full_width=\u00a0\u00bbstretch_row_content_no_spaces\u00a0\u00bb equal_height=\u00a0\u00bbyes\u00a0\u00bb css=\u00a0\u00bb.vc_custom_1739111199905{background-color: #f7f7f7 !important;}\u00a0\u00bb][vc_column css=\u00a0\u00bb.vc_custom_1509350239419{padding-top: 80px !important;padding-bottom: 60px !important;}\u00a0\u00bb offset=\u00a0\u00bbvc_col-lg-6 vc_col-md-6&Prime;][vc_row_inner][vc_column_inner width=\u00a0\u00bb2\/3&Prime; offset=\u00a0\u00bbvc_col-lg-offset-2 vc_col-lg-8 vc_col-md-offset-1 vc_col-md-10 vc_col-sm-offset-1&Prime; css=\u00a0\u00bb.vc_custom_1509347144158{padding-right: 20px !important;padding-left: 20px !important;}\u00a0\u00bb]<div id=\"ultimate-heading-942669da1f944db7c\" class=\"uvc-heading ult-adjust-bottom-margin ultimate-heading-942669da1f944db7c uvc-1974 \" data-hspacer=\"line_with_icon\" data-hline_width=\"120\" data-hicon_type=\"selector\" data-hborder_style=\"solid\" data-hborder_height=\"3\" data-hborder_color=\"#f3615a\" data-icon_width=\"18\" data-hfixer=\"10\"  data-halign=\"center\" style=\"text-align:center\"><div class=\"uvc-main-heading ult-responsive\"  data-ultimate-target='.uvc-heading.ultimate-heading-942669da1f944db7c h1'  data-responsive-json-new='{\"font-size\":\"desktop:42px;mobile_landscape:34px;\",\"line-height\":\"desktop:52px;mobile_landscape:44px;\"}' ><h1 style=\"font-weight:bold;\">SAISONNALIT\u00c9 \u2013 OBJECTIF \u2013 RENTABILIT\u00c9<\/h1><\/div><div class=\"uvc-heading-spacer line_with_icon\" style=\"margin-bottom:40px;height:18px;\"><div class=\"ult-just-icon-wrapper  \"><div class=\"align-icon\" style=\"text-align:center;\">\n<div class=\"aio-icon none \"  style=\"color:#f3615a;font-size:18px;display:inline-block;\">\n\t<i class=\"icomoon-font-awesome-14x14-chevron-down\"><\/i>\n<\/div><\/div><\/div><\/div><\/div>[vc_column_text css=\u00a0\u00bb.vc_custom_1754049090073{padding-bottom: 35px !important;}\u00a0\u00bb]<\/p>\n<div class=\"flex-shrink-0 flex flex-col relative items-end\">\n<div class=\"pt-0\">\n<div class=\"gizmo-shadow-stroke flex h-8 w-8 items-center justify-center overflow-hidden rounded-full\">\n<div class=\"h-full w-full\">\n<h3 data-start=\"918\" data-end=\"989\">Des id\u00e9es puissantes. Une ex\u00e9cution simple. Des r\u00e9sultats concrets.<\/h3>\n<p data-start=\"991\" data-end=\"1195\">Une campagne commerciale efficace, ce n\u2019est pas juste une r\u00e9duction.<br data-start=\"1059\" data-end=\"1062\" \/>C\u2019est un <strong data-start=\"1071\" data-end=\"1088\">message clair<\/strong>, une <strong data-start=\"1094\" data-end=\"1122\">mise en avant attractive<\/strong>, un <strong data-start=\"1127\" data-end=\"1148\">timing bien pens\u00e9<\/strong> et une vraie strat\u00e9gie derri\u00e8re chaque action.<\/p>\n<p data-start=\"1197\" data-end=\"1442\">Gr\u00e2ce \u00e0 ce service, vous recevez :<br data-start=\"1231\" data-end=\"1234\" \/>\u27a1\ufe0f Des campagnes pr\u00eates \u00e0 \u00eatre d\u00e9ploy\u00e9es (Saint-Valentin, F\u00eate des M\u00e8res, rentr\u00e9e, fin de saison\u2026)<br data-start=\"1332\" data-end=\"1335\" \/>\u27a1\ufe0f Des supports personnalis\u00e9s \u00e0 vos couleurs<br data-start=\"1379\" data-end=\"1382\" \/>\u27a1\ufe0f Un accompagnement strat\u00e9gique pour maximiser votre impact<\/p>\n<p data-start=\"1444\" data-end=\"1527\"><strong data-start=\"1444\" data-end=\"1527\">\u00c0 chaque moment cl\u00e9 de l\u2019ann\u00e9e, soyez pr\u00eat\u00b7e \u00e0 communiquer vite, juste et fort.<\/strong><\/p>\n<\/div>\n<\/div>\n<\/div>\n<\/div>\n<p>[\/vc_column_text][\/vc_column_inner][\/vc_row_inner][\/vc_column][vc_column css=\u00a0\u00bb.vc_custom_1754049168608{padding-top: 150px !important;padding-bottom: 150px !important;background-image: url(http:\/\/ctdesign.be\/wp-content\/uploads\/revslider\/the7-agency\/slider-img-011.jpg?id=6463) !important;background-position: center !important;background-repeat: no-repeat !important;background-size: cover !important;}\u00a0\u00bb offset=\u00a0\u00bbvc_col-lg-6 vc_col-md-6&Prime;][\/vc_column][\/vc_row][vc_row css=\u00a0\u00bb.vc_custom_1739112345015{margin-right: 60px !important;margin-left: 60px !important;padding-top: 30px !important;padding-bottom: px !important;}\u00a0\u00bb][vc_column width=\u00a0\u00bb1\/6&Prime;][\/vc_column][vc_column width=\u00a0\u00bb2\/3&Prime;]<div id=\"ultimate-heading-910869da1f944dbda\" class=\"uvc-heading ult-adjust-bottom-margin ultimate-heading-910869da1f944dbda uvc-9387 \" data-hspacer=\"line_with_icon\" data-hline_width=\"120\" data-hicon_type=\"selector\" data-hborder_style=\"solid\" data-hborder_height=\"3\" data-hborder_color=\"#ED5225\" data-icon_width=\"18\" data-hfixer=\"10\"  data-halign=\"center\" style=\"text-align:center\"><div class=\"uvc-main-heading ult-responsive\"  data-ultimate-target='.uvc-heading.ultimate-heading-910869da1f944dbda h1'  data-responsive-json-new='{\"font-size\":\"desktop:42px;mobile_landscape:34px;\",\"line-height\":\"desktop:52px;mobile_landscape:44px;\"}' ><h1 style=\"font-weight:bold;\">POURQUOI NOUS FAIRE CONFIANCE ?<\/h1><\/div><div class=\"uvc-heading-spacer line_with_icon\" style=\"margin-bottom:20px;height:18px;\"><div class=\"ult-just-icon-wrapper  \"><div class=\"align-icon\" style=\"text-align:center;\">\n<div class=\"aio-icon none \"  style=\"color:#ED5225;font-size:18px;display:inline-block;\">\n\t<i class=\"icomoon-font-awesome-14x14-chevron-down\"><\/i>\n<\/div><\/div><\/div><\/div><\/div>[vc_column_text css=\u00a0\u00bb.vc_custom_1739113540088{padding-bottom: 35px !important;}\u00a0\u00bb]<\/p>\n<div class=\"flex-shrink-0 flex flex-col relative items-end\">\n<div class=\"pt-0\">\n<div class=\"gizmo-shadow-stroke flex h-8 w-8 items-center justify-center overflow-hidden rounded-full\">\n<div class=\"h-full w-full\">\n<h2>\u00a0<\/h2>\n<p style=\"text-align: center;\"><strong>Nous avons \u00e9t\u00e9 commer\u00e7ants pendant 7 ans<\/strong> : nous comprenons l\u2019importance de l\u2019image pour vendre et fid\u00e9liser.<br \/><strong>Nous avons un \u0153il de styliste<\/strong> : chaque d\u00e9tail compte pour sublimer votre commerce.<br \/><strong>Nous avons 5 ans d\u2019exp\u00e9rience en agence web<\/strong> : nous savons exactement ce qui fonctionne sur les r\u00e9seaux sociaux et le digital.<br \/><strong>Nous vous offrons une gestion compl\u00e8te et cl\u00e9 en main<\/strong> : du shooting au montage, vous n\u2019avez rien \u00e0 faire, nous nous occupons de tout.<br \/><strong>Nous cr\u00e9ons des visuels qui convertissent<\/strong> : chaque photo et chaque vid\u00e9o sont pens\u00e9es pour <strong>captiver et inciter \u00e0 l\u2019action<\/strong>.<\/p>\n<p style=\"text-align: center;\"><strong>Votre image est votre premier atout pour attirer et fid\u00e9liser vos clients !<\/strong><\/p>\n<p style=\"text-align: center;\"><strong>Contactez-nous d\u00e8s aujourd\u2019hui pour un shooting ou une vid\u00e9o qui mettra en valeur votre commerce comme jamais.<\/strong><\/p>\n<p style=\"text-align: center;\">\ud83d\udce9 <strong>Discutons de votre projet d\u00e8s maintenant !<\/strong><\/p>\n<\/div>\n<\/div>\n<\/div>\n<\/div>\n<p>[\/vc_column_text][\/vc_column][vc_column width=\u00a0\u00bb1\/6&Prime;][\/vc_column][\/vc_row][vc_column offset=\u00a0\u00bbvc_col-lg-offset-0 vc_col-lg-12 vc_col-md-offset-0 vc_col-md-12 vc_col-sm-offset-0 vc_col-xs-12&Prime; css=\u00a0\u00bb.vc_custom_1737902360775{padding-bottom: 20px !important;}\u00a0\u00bb][\/vc_column][vc_column offset=\u00a0\u00bbvc_col-lg-offset-0 vc_col-lg-12 vc_col-md-offset-0 vc_col-md-12 vc_col-sm-offset-0 vc_col-xs-12&Prime; css=\u00a0\u00bb.vc_custom_1499347634300{padding-bottom: 20px !important;}\u00a0\u00bb][\/vc_column][vc_row][vc_column][vc_column_text]<\/p>\n[\/vc_column_text][\/vc_column][\/vc_row]<\/p><\/div>","protected":false},"excerpt":{"rendered":"<p>[vc_row][vc_column][vc_column_text][\/vc_column_text][\/vc_column][\/vc_row]<\/p>\n","protected":false},"author":1,"featured_media":0,"parent":0,"menu_order":0,"comment_status":"closed","ping_status":"closed","template":"elementor_header_footer","meta":{"footnotes":""},"class_list":["post-6704","page","type-page","status-publish","hentry","description-off"],"_links":{"self":[{"href":"https:\/\/ctdesign.be\/index.php\/wp-json\/wp\/v2\/pages\/6704","targetHints":{"allow":["GET"]}}],"collection":[{"href":"https:\/\/ctdesign.be\/index.php\/wp-json\/wp\/v2\/pages"}],"about":[{"href":"https:\/\/ctdesign.be\/index.php\/wp-json\/wp\/v2\/types\/page"}],"author":[{"embeddable":true,"href":"https:\/\/ctdesign.be\/index.php\/wp-json\/wp\/v2\/users\/1"}],"replies":[{"embeddable":true,"href":"https:\/\/ctdesign.be\/index.php\/wp-json\/wp\/v2\/comments?post=6704"}],"version-history":[{"count":6,"href":"https:\/\/ctdesign.be\/index.php\/wp-json\/wp\/v2\/pages\/6704\/revisions"}],"predecessor-version":[{"id":6710,"href":"https:\/\/ctdesign.be\/index.php\/wp-json\/wp\/v2\/pages\/6704\/revisions\/6710"}],"wp:attachment":[{"href":"https:\/\/ctdesign.be\/index.php\/wp-json\/wp\/v2\/media?parent=6704"}],"curies":[{"name":"wp","href":"https:\/\/api.w.org\/{rel}","templated":true}]}}