{"id":6686,"date":"2025-08-01T13:24:23","date_gmt":"2025-08-01T11:24:23","guid":{"rendered":"https:\/\/ctdesign.be\/?page_id=6686"},"modified":"2025-11-02T09:19:30","modified_gmt":"2025-11-02T08:19:30","slug":"creation-de-site-web","status":"publish","type":"page","link":"https:\/\/ctdesign.be\/index.php\/creation-de-site-web\/","title":{"rendered":"Cr\u00e9ation de site web"},"content":{"rendered":"<div class=\"wpb-content-wrapper\"><p>[vc_row][vc_column][vc_column_text]<p>[\/vc_column_text][\/vc_column][\/vc_row][vc_row css=\u00a0\u00bb.vc_custom_1739111782966{margin-right: 60px !important;margin-left: 60px !important;padding-top: 30px !important;padding-bottom: 30px !important;}\u00a0\u00bb][vc_column width=\u00a0\u00bb1\/6&Prime;][\/vc_column][vc_column width=\u00a0\u00bb2\/3&Prime;]<div id=\"ultimate-heading-289869da0876cd787\" class=\"uvc-heading ult-adjust-bottom-margin ultimate-heading-289869da0876cd787 uvc-6228 \" data-hspacer=\"line_with_icon\" data-hline_width=\"120\" data-hicon_type=\"selector\" data-hborder_style=\"solid\" data-hborder_height=\"3\" data-hborder_color=\"#ED5225\" data-icon_width=\"18\" data-hfixer=\"10\"  data-halign=\"center\" style=\"text-align:center\"><div class=\"uvc-main-heading ult-responsive\"  data-ultimate-target='.uvc-heading.ultimate-heading-289869da0876cd787 h1'  data-responsive-json-new='{\"font-size\":\"desktop:42px;mobile_landscape:34px;\",\"line-height\":\"desktop:52px;mobile_landscape:44px;\"}' ><h1 style=\"font-weight:bold;\">NOUS CR\u00c9ONS VOTRE SITE INTERNET<\/h1><\/div><div class=\"uvc-heading-spacer line_with_icon\" style=\"margin-bottom:20px;height:18px;\"><div class=\"ult-just-icon-wrapper  \"><div class=\"align-icon\" style=\"text-align:center;\">\n<div class=\"aio-icon none \"  style=\"color:#ED5225;font-size:18px;display:inline-block;\">\n\t<i class=\"icomoon-font-awesome-14x14-chevron-down\"><\/i>\n<\/div><\/div><\/div><\/div><\/div>[vc_column_text css=\u00a0\u00bb.vc_custom_1739113428671{padding-bottom: 35px !important;}\u00a0\u00bb]<\/p>\n<div class=\"flex-shrink-0 flex flex-col relative items-end\">\n<div class=\"pt-0\">\n<div class=\"gizmo-shadow-stroke flex h-8 w-8 items-center justify-center overflow-hidden rounded-full\">\n<div class=\"h-full w-full\">\n<h3 style=\"text-align: center;\" data-start=\"237\" data-end=\"286\">Un site \u00e0 votre image, pens\u00e9 pour vos clients<\/h3>\n<p style=\"text-align: center;\" data-start=\"288\" data-end=\"578\">Votre site web est souvent <strong data-start=\"315\" data-end=\"355\">le premier contact avec votre marque<\/strong>. Il doit refl\u00e9ter votre univers, rassurer, captiver et convaincre.<br data-start=\"422\" data-end=\"425\" \/>Nous concevons pour vous un site <strong data-start=\"458\" data-end=\"504\">\u00e0 la fois beau, fonctionnel et strat\u00e9gique<\/strong> \u2013 pens\u00e9 pour vos besoins concrets, mais aussi pour ceux de vos visiteurs.<\/p>\n<p style=\"text-align: center;\" data-start=\"580\" data-end=\"902\">\u2714 Design sur mesure, \u00e9l\u00e9gant et fid\u00e8le \u00e0 votre identit\u00e9 visuelle<br data-start=\"644\" data-end=\"647\" \/>\u2714 Navigation fluide et responsive (ordinateur, tablette, mobile)<br data-start=\"711\" data-end=\"714\" \/>\u2714 Mise en avant claire de vos services ou produits<br data-start=\"764\" data-end=\"767\" \/>\u2714 Optimisation pour le r\u00e9f\u00e9rencement naturel (SEO)<br data-start=\"817\" data-end=\"820\" \/>\u2714 Connexion aux r\u00e9seaux sociaux et outils de r\u00e9servation ou de vente si n\u00e9cessaire<\/p>\n<p style=\"text-align: center;\" data-start=\"904\" data-end=\"1081\">Que vous ayez besoin d\u2019un <strong data-start=\"930\" data-end=\"1005\">site vitrine, d\u2019une boutique en ligne ou d\u2019une landing page bien pens\u00e9e.<\/strong><\/p>\n<\/div>\n<\/div>\n<\/div>\n<\/div>\n<p>[\/vc_column_text][\/vc_column][vc_column width=\u00a0\u00bb1\/6&Prime;][\/vc_column][\/vc_row][vc_row full_width=\u00a0\u00bbstretch_row_content_no_spaces\u00a0\u00bb equal_height=\u00a0\u00bbyes\u00a0\u00bb css=\u00a0\u00bb.vc_custom_1739111199905{background-color: #f7f7f7 !important;}\u00a0\u00bb][vc_column css=\u00a0\u00bb.vc_custom_1509350239419{padding-top: 80px !important;padding-bottom: 60px !important;}\u00a0\u00bb offset=\u00a0\u00bbvc_col-lg-6 vc_col-md-6&Prime;][vc_row_inner][vc_column_inner width=\u00a0\u00bb2\/3&Prime; offset=\u00a0\u00bbvc_col-lg-offset-2 vc_col-lg-8 vc_col-md-offset-1 vc_col-md-10 vc_col-sm-offset-1&Prime; css=\u00a0\u00bb.vc_custom_1509347144158{padding-right: 20px !important;padding-left: 20px !important;}\u00a0\u00bb]<div id=\"ultimate-heading-456969da0876cd850\" class=\"uvc-heading ult-adjust-bottom-margin ultimate-heading-456969da0876cd850 uvc-4954 \" data-hspacer=\"line_with_icon\" data-hline_width=\"120\" data-hicon_type=\"selector\" data-hborder_style=\"solid\" data-hborder_height=\"3\" data-hborder_color=\"#f3615a\" data-icon_width=\"18\" data-hfixer=\"10\"  data-halign=\"center\" style=\"text-align:center\"><div class=\"uvc-main-heading ult-responsive\"  data-ultimate-target='.uvc-heading.ultimate-heading-456969da0876cd850 h1'  data-responsive-json-new='{\"font-size\":\"desktop:42px;mobile_landscape:34px;\",\"line-height\":\"desktop:52px;mobile_landscape:44px;\"}' ><h1 style=\"font-weight:bold;\">SUBLIMEZ VOTRE IMAGE<\/h1><\/div><div class=\"uvc-heading-spacer line_with_icon\" style=\"margin-bottom:40px;height:18px;\"><div class=\"ult-just-icon-wrapper  \"><div class=\"align-icon\" style=\"text-align:center;\">\n<div class=\"aio-icon none \"  style=\"color:#f3615a;font-size:18px;display:inline-block;\">\n\t<i class=\"icomoon-font-awesome-14x14-chevron-down\"><\/i>\n<\/div><\/div><\/div><\/div><\/div>[vc_column_text css=\u00a0\u00bb.vc_custom_1739113459173{padding-bottom: 35px !important;}\u00a0\u00bb]<\/p>\n<div class=\"flex-shrink-0 flex flex-col relative items-end\">\n<div class=\"pt-0\">\n<div class=\"gizmo-shadow-stroke flex h-8 w-8 items-center justify-center overflow-hidden rounded-full\">\n<div class=\"h-full w-full\">\n<h2 data-start=\"1143\" data-end=\"1174\">UN SITE QUI VOUS RESSEMBLE<\/h2>\n<h3 data-start=\"1175\" data-end=\"1254\">Pour que votre pr\u00e9sence en ligne soit aussi forte que votre pr\u00e9sence r\u00e9elle<\/h3>\n<p data-start=\"1256\" data-end=\"1557\">Votre site internet, c\u2019est votre vitrine digitale. Il doit \u00eatre <strong data-start=\"1320\" data-end=\"1343\">beau, fluide, clair<\/strong>\u2026 mais surtout : <strong data-start=\"1360\" data-end=\"1375\">authentique<\/strong>.<br data-start=\"1376\" data-end=\"1379\" \/>Il doit parler pour vous quand vous n\u2019\u00eates pas l\u00e0, r\u00e9pondre aux questions avant qu\u2019on vous les pose, et donner envie de vous rencontrer, de vous acheter, de vous faire confiance.<\/p>\n<p data-start=\"1559\" data-end=\"1852\">Avec une \u00e9coute attentive et une vraie r\u00e9flexion strat\u00e9gique, je vous aide \u00e0 :<br data-start=\"1637\" data-end=\"1640\" \/>\ud83c\udf10 Construire un site simple, mais impactant<br data-start=\"1684\" data-end=\"1687\" \/>\ud83d\udca1 Mettre en avant vos forces et vos services avec clart\u00e9<br data-start=\"1744\" data-end=\"1747\" \/>\ud83d\udcf1 Offrir une exp\u00e9rience agr\u00e9able sur tous les \u00e9crans<br data-start=\"1800\" data-end=\"1803\" \/>\ud83d\udd0d \u00catre mieux r\u00e9f\u00e9renc\u00e9 et plus facilement trouv\u00e9<\/p>\n<p data-start=\"1854\" data-end=\"1996\">Un site bien con\u00e7u, c\u2019est <strong data-start=\"1880\" data-end=\"1916\">bien plus qu\u2019une carte de visite<\/strong> : c\u2019est un outil puissant qui vous aide \u00e0 \u00e9voluer, grandir, vendre et rayonner.<\/p>\n<\/div>\n<\/div>\n<\/div>\n<\/div>\n<p>[\/vc_column_text][\/vc_column_inner][\/vc_row_inner][\/vc_column][vc_column css=\u00a0\u00bb.vc_custom_1754047787910{padding-top: 150px !important;padding-bottom: 150px !important;background-image: url(http:\/\/ctdesign.be\/wp-content\/uploads\/2025\/08\/creation-de-site-web.png?id=6688) !important;background-position: center !important;background-repeat: no-repeat !important;background-size: cover !important;}\u00a0\u00bb offset=\u00a0\u00bbvc_col-lg-6 vc_col-md-6&Prime;][\/vc_column][\/vc_row][vc_row css=\u00a0\u00bb.vc_custom_1739112345015{margin-right: 60px !important;margin-left: 60px !important;padding-top: 30px !important;padding-bottom: px !important;}\u00a0\u00bb][vc_column width=\u00a0\u00bb1\/6&Prime;][\/vc_column][vc_column width=\u00a0\u00bb2\/3&Prime;]<div id=\"ultimate-heading-546569da0876cd8d1\" class=\"uvc-heading ult-adjust-bottom-margin ultimate-heading-546569da0876cd8d1 uvc-4929 \" data-hspacer=\"line_with_icon\" data-hline_width=\"120\" data-hicon_type=\"selector\" data-hborder_style=\"solid\" data-hborder_height=\"3\" data-hborder_color=\"#ED5225\" data-icon_width=\"18\" data-hfixer=\"10\"  data-halign=\"center\" style=\"text-align:center\"><div class=\"uvc-main-heading ult-responsive\"  data-ultimate-target='.uvc-heading.ultimate-heading-546569da0876cd8d1 h1'  data-responsive-json-new='{\"font-size\":\"desktop:42px;mobile_landscape:34px;\",\"line-height\":\"desktop:52px;mobile_landscape:44px;\"}' ><h1 style=\"font-weight:bold;\">POURQUOI NOUS FAIRE CONFIANCE ?<\/h1><\/div><div class=\"uvc-heading-spacer line_with_icon\" style=\"margin-bottom:20px;height:18px;\"><div class=\"ult-just-icon-wrapper  \"><div class=\"align-icon\" style=\"text-align:center;\">\n<div class=\"aio-icon none \"  style=\"color:#ED5225;font-size:18px;display:inline-block;\">\n\t<i class=\"icomoon-font-awesome-14x14-chevron-down\"><\/i>\n<\/div><\/div><\/div><\/div><\/div>[vc_column_text css=\u00a0\u00bb.vc_custom_1739113540088{padding-bottom: 35px !important;}\u00a0\u00bb]<\/p>\n<div class=\"flex-shrink-0 flex flex-col relative items-end\">\n<div class=\"pt-0\">\n<div class=\"gizmo-shadow-stroke flex h-8 w-8 items-center justify-center overflow-hidden rounded-full\">\n<div class=\"h-full w-full\">\n<h2>\u00a0<\/h2>\n<p style=\"text-align: center;\"><strong>Nous avons \u00e9t\u00e9 commer\u00e7ants pendant 7 ans<\/strong> : nous comprenons l\u2019importance de l\u2019image pour vendre et fid\u00e9liser.<br \/><strong>Nous avons un \u0153il de styliste<\/strong> : chaque d\u00e9tail compte pour sublimer votre commerce.<br \/><strong>Nous avons 5 ans d\u2019exp\u00e9rience en agence web<\/strong> : nous savons exactement ce qui fonctionne sur les r\u00e9seaux sociaux et le digital.<br \/><strong>Nous vous offrons une gestion compl\u00e8te et cl\u00e9 en main<\/strong> : du shooting au montage, vous n\u2019avez rien \u00e0 faire, nous nous occupons de tout.<br \/><strong>Nous cr\u00e9ons des visuels qui convertissent<\/strong> : chaque photo et chaque vid\u00e9o sont pens\u00e9es pour <strong>captiver et inciter \u00e0 l\u2019action<\/strong>.<\/p>\n<p style=\"text-align: center;\"><strong>Votre image est votre premier atout pour attirer et fid\u00e9liser vos clients !<\/strong><\/p>\n<p style=\"text-align: center;\"><strong>Contactez-nous d\u00e8s aujourd\u2019hui pour un shooting ou une vid\u00e9o qui mettra en valeur votre commerce comme jamais.<\/strong><\/p>\n<p style=\"text-align: center;\">\ud83d\udce9 <strong>Discutons de votre projet d\u00e8s maintenant !<\/strong><\/p>\n<\/div>\n<\/div>\n<\/div>\n<\/div>\n<p>[\/vc_column_text][\/vc_column][vc_column width=\u00a0\u00bb1\/6&Prime;][\/vc_column][\/vc_row][vc_column offset=\u00a0\u00bbvc_col-lg-offset-0 vc_col-lg-12 vc_col-md-offset-0 vc_col-md-12 vc_col-sm-offset-0 vc_col-xs-12&Prime; css=\u00a0\u00bb.vc_custom_1737902360775{padding-bottom: 20px !important;}\u00a0\u00bb][\/vc_column][vc_column offset=\u00a0\u00bbvc_col-lg-offset-0 vc_col-lg-12 vc_col-md-offset-0 vc_col-md-12 vc_col-sm-offset-0 vc_col-xs-12&Prime; css=\u00a0\u00bb.vc_custom_1499347634300{padding-bottom: 20px !important;}\u00a0\u00bb][\/vc_column]<\/p>\n<\/div>","protected":false},"excerpt":{"rendered":"<p>[vc_row][vc_column][vc_column_text]<\/p>\n","protected":false},"author":1,"featured_media":0,"parent":0,"menu_order":0,"comment_status":"closed","ping_status":"closed","template":"elementor_header_footer","meta":{"footnotes":""},"class_list":["post-6686","page","type-page","status-publish","hentry","description-off"],"_links":{"self":[{"href":"https:\/\/ctdesign.be\/index.php\/wp-json\/wp\/v2\/pages\/6686","targetHints":{"allow":["GET"]}}],"collection":[{"href":"https:\/\/ctdesign.be\/index.php\/wp-json\/wp\/v2\/pages"}],"about":[{"href":"https:\/\/ctdesign.be\/index.php\/wp-json\/wp\/v2\/types\/page"}],"author":[{"embeddable":true,"href":"https:\/\/ctdesign.be\/index.php\/wp-json\/wp\/v2\/users\/1"}],"replies":[{"embeddable":true,"href":"https:\/\/ctdesign.be\/index.php\/wp-json\/wp\/v2\/comments?post=6686"}],"version-history":[{"count":6,"href":"https:\/\/ctdesign.be\/index.php\/wp-json\/wp\/v2\/pages\/6686\/revisions"}],"predecessor-version":[{"id":6694,"href":"https:\/\/ctdesign.be\/index.php\/wp-json\/wp\/v2\/pages\/6686\/revisions\/6694"}],"wp:attachment":[{"href":"https:\/\/ctdesign.be\/index.php\/wp-json\/wp\/v2\/media?parent=6686"}],"curies":[{"name":"wp","href":"https:\/\/api.w.org\/{rel}","templated":true}]}}